mber?
False
Is 8656313 a composite number?
False
Is 437111 prime?
True
Is 377605 a composite number?
True
Is 379012505 composite?
True
Is 7648727 composite?
False
Is 76521563 a prime number?
True
Is 175478907 prime?
False
Is 278274163 a prime number?
True
Is 13981519 a composite number?
False
Is 6481534 a composite number?
True
Is 102960353 prime?
False
Is 12912509 a composite number?
False
Is 223381 a prime number?
True
Is 1929043 composite?
False
Is 784829 a prime number?
False
Is 2334863 a prime number?
True
Is 15480847 prime?
False
Is 6338009 prime?
True
Is 12285881 a prime number?
True
Is 1026349 a prime number?
False
Is 1500913 prime?
False
Is 50080169 composite?
False
Is 29556551 a composite number?
False
Is 44742629 a composite number?
False
Is 3094747 prime?
True
Is 1117651 a prime number?
False
Is 1857797 a prime number?
True
Is 73880941 prime?
True
Is 31028873 a prime number?
True
Is 520403 composite?
True
Is 1177919 a prime number?
True
Is 324293 a composite number?
False
Is 4734811 composite?
False
Is 1528448941 a composite number?
False
Is 8587687 a composite number?
False
Is 190407407 prime?
False
Is 60767437 composite?
False
Is 91367 prime?
True
Is 7539907 composite?
True
Is 1891387 a prime number?
True
Is 20518423 prime?
False
Is 12372859 composite?
False
Is 4835461 prime?
True
Is 140240839 a prime number?
False
Is 5196409 a composite number?
True
Is 13477427 a prime number?
True
Is 9311843 a prime number?
False
Is 30428369 prime?
True
Is 17893081 composite?
False
Is 6885302 a composite number?
True
Is 368164993 composite?
True
Is 14934221 a prime number?
True
Is 4889299 a prime number?
True
Is 8119537 composite?
False
Is 2529881 a prime number?
True
Is 38021 a prime number?
False
Is 1029913 a composite number?
True
Is 5088613 composite?
False
Is 825841 a composite number?
True
Is 141304381 prime?
True
Is 247241083 prime?
True
Is 1283939 a composite number?
False
Is 43660153 a composite number?
True
Is 31621027 prime?
True
Is 67426323 a prime number?
False
Is 183782297 composite?
False
Is 3793 prime?
True
Is 59029337 a prime number?
True
Is 398433379 prime?
False
Is 25029443 a composite number?
True
Is 6252079 a prime number?
True
Is 13311301 composite?
False
Is 4891519 composite?
False
Is 413761 a prime number?
False
Is 41886191 a prime number?
True
Is 5361311 prime?
True
Is 408413 a composite number?
False
Is 361614857 a composite number?
True
Is 82084357 a composite number?
False
Is 4676941 prime?
True
Is 193250719 prime?
True
Is 3004669 composite?
False
Is 250850321 composite?
False
Is 18388099 prime?
True
Is 2091077 prime?
False
Is 16422443 a composite number?
False
Is 1238411 composite?
False
Is 4113454 prime?
False
Is 11098363 a prime number?
True
Is 3843859 a prime number?
True
Is 48105227 a composite number?
False
Is 446725001 composite?
False
Is 166679 composite?
False
Is 26052029 a composite number?
False
Is 17338003 a composite number?
False
Is 24249581 a prime number?
True
Is 399045683 prime?
True
Is 83508241 composite?
False
Is 6473303 prime?
False
Is 6886345 composite?
True
Is 6116977 a prime number?
True
Is 260609 a prime number?
True
Is 4663991 a prime number?
True
Is 23495567 prime?
True
Is 2189489691 a prime number?
False
Is 1456267 a prime number?
True
Is 20820493 composite?
True
Is 17352403 a prime number?
True
Is 2018249 a prime number?
True
Is 2875267 a prime number?
True
Is 22213541 a prime number?
False
Is 617210047 composite?
False
Is 13488151 a prime number?
False
Is 3186049 prime?
False
Is 348407 prime?
True
Is 48740287 composite?
False
Is 238589167 a composite number?
True
Is 21747289 a prime number?
True
Is 18843043 composite?
True
Is 3978349 a prime number?
True
Is 88646801 a prime number?
False
Is 28199329 prime?
True
Is 2000591 a prime number?
False
Is 64566217 prime?
True
Is 29516923 prime?
False
Is 436649 prime?
True
Is 106649 composite?
False
Is 430216159 composite?
False
Is 2105123 composite?
True
Is 1402307 a composite number?
True
Is 5120777 a composite number?
True
Is 202464347 a prime number?
False
Is 2582311 a composite number?
False
Is 6677479 prime?
False
Is 73210859 composite?
False
Is 829189 prime?
False
Is 3569197 a composite number?
True
Is 78663313 a prime number?
False
Is 21033365 a prime number?
False
Is 17623871 a prime number?
False
Is 6753211 a prime number?
False
Is 39401959 a prime number?
True
Is 32871599 composite?
True
Is 10409033 a prime number?
True
Is 41884223 a composite number?
False
Is 272336111 a prime number?
True
Is 49091849 composite?
False
Is 241334617 a prime number?
True
Is 968407 a composite number?
True
Is 19031351 composite?
False
Is 57909211 composite?
False
Is 41648426 a composite number?
True
Is 373126451 a composite number?
False
Is 347327 a prime number?
False
Is 3415931 a composite number?
False
Is 11785561 a composite number?
True
Is 129204701 a composite number?
False
Is 371741 composite?
True
Is 7044151 a prime number?
False
Is 868358891 composite?
False
Is 2098127 composite?
True
Is 310579791 prime?
False
Is 7728059 a composite number?
True
Is 109590893 a composite number?
False
Is 57249509 prime?
False
Is 319811 prime?
True
Is 7224079 prime?
False
Is 2058713 a prime number?
True
Is 1982371 prime?
True
Is 87428459 composite?
False
Is 4057967 composite?
False
Is 7543619 a composite number?
True
Is 56235649 composite?
True
Is 25266247 a composite number?
False
Is 2269846 prime?
False
Is 73189283 a composite number?
False
Is 3176039 prime?
False
Is 1155001 prime?
True
Is 223263731 a composite number?
True
Is 5327359 prime?
True
Is 317921 composite?
False
Is 5407373 prime?
False
Is 4463599 a prime number?
False
Is 52894111 prime?
False
Is 8999195 a composite number?
True
Is 2879351 prime?
True
Is 14977159 a composite number?
False
Is 523299617 a composite number?
False
Is 1519363 a composite number?
False
Is 174885523 composite?
False
Is 892901 a composite number?
False
Is 15041153 a prime number?
True
Is 758319823 a prime number?
False
Is 75491473 a composite number?
False
Is 4461437 prime?
False
Is 170550901 prime?
True
Is 298989061 prime?
False
Is 28940423 a prime number?
True
Is 364920161 a prime number?
False
Is 7103719 a composite number?
True
Is 207734537 prime?
True
Is 33901099 composite?
False
Is 214457 a prime number?
True
Is 5164359 a composite number?
True
Is 18689383 composite?
False
Is 114128129 a prime number?
True
Is 24710513 a prime number?
True
Is 1324151 composite?
False
Is 3408121 composite?
False
Is 85162873 prime?
False
Is 206761153 composite?
True
Is 18243215 a composite number?
True
Is 13340723 a prime number?
False
Is 530767 a composite number?
False
Is 29707511 a composite number?
True
Is 54046439 a composite number?
False
Is 59288851 prime?
False
Is 22371017 prime?
False
Is 9904949 a prime number?
True
Is 41735615 prime?
False
Is 49272101 prime?
True
Is 160613 prime?
False
Is 16374583 prime?
False
Is 366242759 a composite number?
False
Is 37603329 a composite number?
True
Is 46110313 composite?
False
Is 1356269 composite?
False
Is 86901239 composite?
False
Is 35200723 prime?
False
Is 374576977 a prime number?
False
Is 23696407 a prime number?
False
Is 39176021 a prime number?
False
Is 32819461 a composite number?
False
Is 180873923 prime?
True
Is 1722043 prime?
False
Is 29631793 composite?
True
Is 6330713 composite?
True
Is 6541657 composite?
True
Is 4416589 a prime number?
True
Is 2149754 a composite number?
True
Is 328779443 a composite number?
True
Is 263135735 prime?
False
Is 1845881 prime?
True
Is 6787343 prime?
True
Is 27803227 composite?
False
Is 3431993 prime?
True
Is 46541171 composite?
True
Is 1605961 prime?
False
Is 252277 a prime number?
True
Is 13917847 a composite number?
False
Is 12836899 a composite number?
False
Is 152834501 a prime number?
True
Is 2489683 composite?
True
Is 8635021 composite?
False
Is 1797581 prime?
True
Is 76638661 composite?
True
Is 6992473 composite?
True
Is 14855933 composite?
True
Is 140856437 prime?
True
Is 9461189 a composite number?
True
Is 78989587 prime?
True
Is 2081189 a prime number?
False
Is 96989491 prime?
False
Is 12182329 a composite number?
False
Is 3404969 a composite number?
False
Is 61199173 composite?
True
Is 50282663 a composite number?
False
Is 74355881 compo